{"id":946,"date":"2020-01-13T11:17:52","date_gmt":"2020-01-13T11:17:52","guid":{"rendered":"https:\/\/demosites.io\/marketing-agency-gb\/?page_id=5"},"modified":"2026-01-09T18:38:57","modified_gmt":"2026-01-09T17:38:57","slug":"accueil","status":"publish","type":"page","link":"https:\/\/lecoinduvidegrenier.fr\/","title":{"rendered":"Accueil"},"content":{"rendered":"\t\t<div data-elementor-type=\"wp-page\" data-elementor-id=\"946\" class=\"elementor elementor-946\">\n\t\t\t\t<div class=\"elementor-element elementor-element-a981675 e-con-full e-flex e-con e-parent\" data-id=\"a981675\" data-element_type=\"container\">\n\t\t\t\t<div class=\"elementor-element elementor-element-2297cc6 elementor-invisible elementor-widget elementor-widget-image\" data-id=\"2297cc6\" data-element_type=\"widget\" data-settings=\"{&quot;_animation&quot;:&quot;zoomIn&quot;}\" data-widget_type=\"image.default\">\n\t\t\t\t<div class=\"elementor-widget-container\">\n\t\t\t\t\t\t\t\t\t\t\t\t\t<img fetchpriority=\"high\" decoding=\"async\" width=\"1563\" height=\"1563\" src=\"https:\/\/lecoinduvidegrenier.fr\/wp-content\/uploads\/2024\/12\/Picsart_24-12-02_22-03-08-780.png\" class=\"attachment-2048x2048 size-2048x2048 wp-image-1562\" alt=\"\" srcset=\"https:\/\/lecoinduvidegrenier.fr\/wp-content\/uploads\/2024\/12\/Picsart_24-12-02_22-03-08-780.png 1563w, https:\/\/lecoinduvidegrenier.fr\/wp-content\/uploads\/2024\/12\/Picsart_24-12-02_22-03-08-780-300x300.png 300w, https:\/\/lecoinduvidegrenier.fr\/wp-content\/uploads\/2024\/12\/Picsart_24-12-02_22-03-08-780-1024x1024.png 1024w, https:\/\/lecoinduvidegrenier.fr\/wp-content\/uploads\/2024\/12\/Picsart_24-12-02_22-03-08-780-150x150.png 150w, https:\/\/lecoinduvidegrenier.fr\/wp-content\/uploads\/2024\/12\/Picsart_24-12-02_22-03-08-780-768x768.png 768w, https:\/\/lecoinduvidegrenier.fr\/wp-content\/uploads\/2024\/12\/Picsart_24-12-02_22-03-08-780-1536x1536.png 1536w\" sizes=\"(max-width: 1563px) 100vw, 1563px\" \/>\t\t\t\t\t\t\t\t\t\t\t\t\t<\/div>\n\t\t\t\t<\/div>\n\t\t\t\t<\/div>\n\t\t<div class=\"elementor-element elementor-element-3f923e6 e-flex e-con-boxed e-con e-parent\" data-id=\"3f923e6\" data-element_type=\"container\">\n\t\t\t\t\t<div class=\"e-con-inner\">\n\t\t\t\t<div class=\"elementor-element elementor-element-d3e6a76 elementor-widget elementor-widget-image\" data-id=\"d3e6a76\" data-element_type=\"widget\" data-widget_type=\"image.default\">\n\t\t\t\t<div class=\"elementor-widget-container\">\n\t\t\t\t\t\t\t\t\t\t\t\t\t<img decoding=\"async\" width=\"819\" height=\"1024\" src=\"https:\/\/lecoinduvidegrenier.fr\/wp-content\/uploads\/2026\/01\/Picsart_26-01-09_18-20-23-351-819x1024.jpg\" class=\"attachment-large size-large wp-image-2418\" alt=\"\" srcset=\"https:\/\/lecoinduvidegrenier.fr\/wp-content\/uploads\/2026\/01\/Picsart_26-01-09_18-20-23-351-819x1024.jpg 819w, https:\/\/lecoinduvidegrenier.fr\/wp-content\/uploads\/2026\/01\/Picsart_26-01-09_18-20-23-351-240x300.jpg 240w, https:\/\/lecoinduvidegrenier.fr\/wp-content\/uploads\/2026\/01\/Picsart_26-01-09_18-20-23-351-768x960.jpg 768w, https:\/\/lecoinduvidegrenier.fr\/wp-content\/uploads\/2026\/01\/Picsart_26-01-09_18-20-23-351.jpg 1024w\" sizes=\"(max-width: 819px) 100vw, 819px\" \/>\t\t\t\t\t\t\t\t\t\t\t\t\t<\/div>\n\t\t\t\t<\/div>\n\t\t\t\t\t<\/div>\n\t\t\t\t<\/div>\n\t\t<div class=\"elementor-element elementor-element-7a2c181 e-flex e-con-boxed e-con e-parent\" data-id=\"7a2c181\" data-element_type=\"container\">\n\t\t\t\t\t<div class=\"e-con-inner\">\n\t\t\t\t<div class=\"elementor-element elementor-element-e42c21d elementor-widget elementor-widget-image\" data-id=\"e42c21d\" data-element_type=\"widget\" data-widget_type=\"image.default\">\n\t\t\t\t<div class=\"elementor-widget-container\">\n\t\t\t\t\t\t\t\t\t\t\t\t\t<img decoding=\"async\" width=\"819\" height=\"1024\" src=\"https:\/\/lecoinduvidegrenier.fr\/wp-content\/uploads\/2026\/01\/IMG-20251117-WA0038-819x1024.jpg\" class=\"attachment-large size-large wp-image-2419\" alt=\"\" srcset=\"https:\/\/lecoinduvidegrenier.fr\/wp-content\/uploads\/2026\/01\/IMG-20251117-WA0038-819x1024.jpg 819w, https:\/\/lecoinduvidegrenier.fr\/wp-content\/uploads\/2026\/01\/IMG-20251117-WA0038-240x300.jpg 240w, https:\/\/lecoinduvidegrenier.fr\/wp-content\/uploads\/2026\/01\/IMG-20251117-WA0038-768x960.jpg 768w, https:\/\/lecoinduvidegrenier.fr\/wp-content\/uploads\/2026\/01\/IMG-20251117-WA0038-1228x1536.jpg 1228w, https:\/\/lecoinduvidegrenier.fr\/wp-content\/uploads\/2026\/01\/IMG-20251117-WA0038.jpg 1385w\" sizes=\"(max-width: 819px) 100vw, 819px\" \/>\t\t\t\t\t\t\t\t\t\t\t\t\t<\/div>\n\t\t\t\t<\/div>\n\t\t\t\t\t<\/div>\n\t\t\t\t<\/div>\n\t\t<div class=\"elementor-element elementor-element-eb9f26b e-flex e-con-boxed e-con e-parent\" data-id=\"eb9f26b\" data-element_type=\"container\">\n\t\t\t\t\t<div class=\"e-con-inner\">\n\t\t\t\t<div class=\"elementor-element elementor-element-7f60e60 elementor-widget elementor-widget-video\" data-id=\"7f60e60\" data-element_type=\"widget\" data-settings=\"{&quot;video_type&quot;:&quot;hosted&quot;,&quot;controls&quot;:&quot;yes&quot;}\" data-widget_type=\"video.default\">\n\t\t\t\t<div class=\"elementor-widget-container\">\n\t\t\t\t\t<div class=\"e-hosted-video elementor-wrapper elementor-open-inline\">\n\t\t\t\t\t<video class=\"elementor-video\" src=\"https:\/\/lecoinduvidegrenier.fr\/wp-content\/uploads\/2025\/06\/lv_0_20250619010125.mp4\" controls=\"\" preload=\"metadata\" controlsList=\"nodownload\"><\/video>\n\t\t\t\t<\/div>\n\t\t\t\t<\/div>\n\t\t\t\t<\/div>\n\t\t\t\t\t<\/div>\n\t\t\t\t<\/div>\n\t\t\t\t<\/div>\n\t\t","protected":false},"excerpt":{"rendered":"<p>https:\/\/lecoinduvidegrenier.fr\/wp-content\/uploads\/2025\/06\/lv_0_20250619010125.mp4<\/p>\n","protected":false},"author":1,"featured_media":0,"parent":0,"menu_order":1,"comment_status":"closed","ping_status":"closed","template":"","meta":{"neve_meta_sidebar":"default","neve_meta_container":"default","neve_meta_enable_content_width":"on","neve_meta_content_width":100,"neve_meta_title_alignment":"","neve_meta_author_avatar":"","neve_post_elements_order":"","neve_meta_disable_header":"","neve_meta_disable_footer":"","neve_meta_disable_title":"on","_themeisle_gutenberg_block_has_review":false,"_ti_tpc_template_sync":false,"_ti_tpc_template_id":"5udqur826ojgsxrmsxsc","footnotes":""},"class_list":["post-946","page","type-page","status-publish","hentry"],"yoast_head":"<!-- This site is optimized with the Yoast SEO plugin v24.8.1 - https:\/\/yoast.com\/wordpress\/plugins\/seo\/ -->\n<title>Le Coin du Vide Grenier - Nantes<\/title>\n<meta name=\"description\" content=\"Nouveau Vide Grenier permanent ind\u00e9pendant \u00e0 Nantes. Un espace de 400m2 d\u00e9di\u00e9 \u00e0 la seconde main et \u00e0 la vente de vos objets\/v\u00eatements !\" \/>\n<meta name=\"robots\" content=\"index, follow, max-snippet:-1, max-image-preview:large, max-video-preview:-1\" \/>\n<link rel=\"canonical\" href=\"https:\/\/lecoinduvidegrenier.fr\/\" \/>\n<meta property=\"og:locale\" content=\"fr_FR\" \/>\n<meta property=\"og:type\" content=\"article\" \/>\n<meta property=\"og:title\" content=\"Le Coin du Vide Grenier - Nantes\" \/>\n<meta property=\"og:description\" content=\"Nouveau Vide Grenier permanent ind\u00e9pendant \u00e0 Nantes. Un espace de 400m2 d\u00e9di\u00e9 \u00e0 la seconde main et \u00e0 la vente de vos objets\/v\u00eatements !\" \/>\n<meta property=\"og:url\" content=\"https:\/\/lecoinduvidegrenier.fr\/\" \/>\n<meta property=\"og:site_name\" content=\"Le Coin du Vide Grenier - Nantes\" \/>\n<meta property=\"article:modified_time\" content=\"2026-01-09T17:38:57+00:00\" \/>\n<meta property=\"og:image\" content=\"https:\/\/lecoinduvidegrenier.fr\/wp-content\/uploads\/2024\/12\/Picsart_24-12-02_22-03-08-780.png\" \/>\n\t<meta property=\"og:image:width\" content=\"1563\" \/>\n\t<meta property=\"og:image:height\" content=\"1563\" \/>\n\t<meta property=\"og:image:type\" content=\"image\/png\" \/>\n<meta name=\"twitter:card\" content=\"summary_large_image\" \/>\n<meta name=\"twitter:label1\" content=\"Dur\u00e9e de lecture estim\u00e9e\" \/>\n\t<meta name=\"twitter:data1\" content=\"1 minute\" \/>\n<script type=\"application\/ld+json\" class=\"yoast-schema-graph\">{\"@context\":\"https:\/\/schema.org\",\"@graph\":[{\"@type\":\"WebPage\",\"@id\":\"https:\/\/lecoinduvidegrenier.fr\/\",\"url\":\"https:\/\/lecoinduvidegrenier.fr\/\",\"name\":\"Le Coin du Vide Grenier - Nantes\",\"isPartOf\":{\"@id\":\"https:\/\/lecoinduvidegrenier.fr\/#website\"},\"primaryImageOfPage\":{\"@id\":\"https:\/\/lecoinduvidegrenier.fr\/#primaryimage\"},\"image\":{\"@id\":\"https:\/\/lecoinduvidegrenier.fr\/#primaryimage\"},\"thumbnailUrl\":\"https:\/\/lecoinduvidegrenier.fr\/wp-content\/uploads\/2024\/12\/Picsart_24-12-02_22-03-08-780.png\",\"datePublished\":\"2020-01-13T11:17:52+00:00\",\"dateModified\":\"2026-01-09T17:38:57+00:00\",\"description\":\"Nouveau Vide Grenier permanent ind\u00e9pendant \u00e0 Nantes. Un espace de 400m2 d\u00e9di\u00e9 \u00e0 la seconde main et \u00e0 la vente de vos objets\/v\u00eatements !\",\"breadcrumb\":{\"@id\":\"https:\/\/lecoinduvidegrenier.fr\/#breadcrumb\"},\"inLanguage\":\"fr-FR\",\"potentialAction\":[{\"@type\":\"ReadAction\",\"target\":[\"https:\/\/lecoinduvidegrenier.fr\/\"]}]},{\"@type\":\"ImageObject\",\"inLanguage\":\"fr-FR\",\"@id\":\"https:\/\/lecoinduvidegrenier.fr\/#primaryimage\",\"url\":\"https:\/\/lecoinduvidegrenier.fr\/wp-content\/uploads\/2024\/12\/Picsart_24-12-02_22-03-08-780.png\",\"contentUrl\":\"https:\/\/lecoinduvidegrenier.fr\/wp-content\/uploads\/2024\/12\/Picsart_24-12-02_22-03-08-780.png\",\"width\":1563,\"height\":1563},{\"@type\":\"BreadcrumbList\",\"@id\":\"https:\/\/lecoinduvidegrenier.fr\/#breadcrumb\",\"itemListElement\":[{\"@type\":\"ListItem\",\"position\":1,\"name\":\"Accueil\",\"item\":\"https:\/\/lecoinduvidegrenier.fr\/\"},{\"@type\":\"ListItem\",\"position\":2,\"name\":\"Accueil\"}]},{\"@type\":\"WebSite\",\"@id\":\"https:\/\/lecoinduvidegrenier.fr\/#website\",\"url\":\"https:\/\/lecoinduvidegrenier.fr\/\",\"name\":\"Le Coin du Vide Grenier - Nantes\",\"description\":\"Un vide grenier permanent, qui ne dort jamais !\",\"publisher\":{\"@id\":\"https:\/\/lecoinduvidegrenier.fr\/#organization\"},\"potentialAction\":[{\"@type\":\"SearchAction\",\"target\":{\"@type\":\"EntryPoint\",\"urlTemplate\":\"https:\/\/lecoinduvidegrenier.fr\/?s={search_term_string}\"},\"query-input\":{\"@type\":\"PropertyValueSpecification\",\"valueRequired\":true,\"valueName\":\"search_term_string\"}}],\"inLanguage\":\"fr-FR\"},{\"@type\":\"Organization\",\"@id\":\"https:\/\/lecoinduvidegrenier.fr\/#organization\",\"name\":\"Le Coin du Vide Grenier - Nantes\",\"url\":\"https:\/\/lecoinduvidegrenier.fr\/\",\"logo\":{\"@type\":\"ImageObject\",\"inLanguage\":\"fr-FR\",\"@id\":\"https:\/\/lecoinduvidegrenier.fr\/#\/schema\/logo\/image\/\",\"url\":\"https:\/\/lecoinduvidegrenier.fr\/wp-content\/uploads\/2024\/09\/log-la-ruche.png\",\"contentUrl\":\"https:\/\/lecoinduvidegrenier.fr\/wp-content\/uploads\/2024\/09\/log-la-ruche.png\",\"width\":379,\"height\":238,\"caption\":\"Le Coin du Vide Grenier - Nantes\"},\"image\":{\"@id\":\"https:\/\/lecoinduvidegrenier.fr\/#\/schema\/logo\/image\/\"}}]}<\/script>\n<!-- \/ Yoast SEO plugin. -->","yoast_head_json":{"title":"Le Coin du Vide Grenier - Nantes","description":"Nouveau Vide Grenier permanent ind\u00e9pendant \u00e0 Nantes. Un espace de 400m2 d\u00e9di\u00e9 \u00e0 la seconde main et \u00e0 la vente de vos objets\/v\u00eatements !","robots":{"index":"index","follow":"follow","max-snippet":"max-snippet:-1","max-image-preview":"max-image-preview:large","max-video-preview":"max-video-preview:-1"},"canonical":"https:\/\/lecoinduvidegrenier.fr\/","og_locale":"fr_FR","og_type":"article","og_title":"Le Coin du Vide Grenier - Nantes","og_description":"Nouveau Vide Grenier permanent ind\u00e9pendant \u00e0 Nantes. Un espace de 400m2 d\u00e9di\u00e9 \u00e0 la seconde main et \u00e0 la vente de vos objets\/v\u00eatements !","og_url":"https:\/\/lecoinduvidegrenier.fr\/","og_site_name":"Le Coin du Vide Grenier - Nantes","article_modified_time":"2026-01-09T17:38:57+00:00","og_image":[{"width":1563,"height":1563,"url":"https:\/\/lecoinduvidegrenier.fr\/wp-content\/uploads\/2024\/12\/Picsart_24-12-02_22-03-08-780.png","type":"image\/png"}],"twitter_card":"summary_large_image","twitter_misc":{"Dur\u00e9e de lecture estim\u00e9e":"1 minute"},"schema":{"@context":"https:\/\/schema.org","@graph":[{"@type":"WebPage","@id":"https:\/\/lecoinduvidegrenier.fr\/","url":"https:\/\/lecoinduvidegrenier.fr\/","name":"Le Coin du Vide Grenier - Nantes","isPartOf":{"@id":"https:\/\/lecoinduvidegrenier.fr\/#website"},"primaryImageOfPage":{"@id":"https:\/\/lecoinduvidegrenier.fr\/#primaryimage"},"image":{"@id":"https:\/\/lecoinduvidegrenier.fr\/#primaryimage"},"thumbnailUrl":"https:\/\/lecoinduvidegrenier.fr\/wp-content\/uploads\/2024\/12\/Picsart_24-12-02_22-03-08-780.png","datePublished":"2020-01-13T11:17:52+00:00","dateModified":"2026-01-09T17:38:57+00:00","description":"Nouveau Vide Grenier permanent ind\u00e9pendant \u00e0 Nantes. Un espace de 400m2 d\u00e9di\u00e9 \u00e0 la seconde main et \u00e0 la vente de vos objets\/v\u00eatements !","breadcrumb":{"@id":"https:\/\/lecoinduvidegrenier.fr\/#breadcrumb"},"inLanguage":"fr-FR","potentialAction":[{"@type":"ReadAction","target":["https:\/\/lecoinduvidegrenier.fr\/"]}]},{"@type":"ImageObject","inLanguage":"fr-FR","@id":"https:\/\/lecoinduvidegrenier.fr\/#primaryimage","url":"https:\/\/lecoinduvidegrenier.fr\/wp-content\/uploads\/2024\/12\/Picsart_24-12-02_22-03-08-780.png","contentUrl":"https:\/\/lecoinduvidegrenier.fr\/wp-content\/uploads\/2024\/12\/Picsart_24-12-02_22-03-08-780.png","width":1563,"height":1563},{"@type":"BreadcrumbList","@id":"https:\/\/lecoinduvidegrenier.fr\/#breadcrumb","itemListElement":[{"@type":"ListItem","position":1,"name":"Accueil","item":"https:\/\/lecoinduvidegrenier.fr\/"},{"@type":"ListItem","position":2,"name":"Accueil"}]},{"@type":"WebSite","@id":"https:\/\/lecoinduvidegrenier.fr\/#website","url":"https:\/\/lecoinduvidegrenier.fr\/","name":"Le Coin du Vide Grenier - Nantes","description":"Un vide grenier permanent, qui ne dort jamais !","publisher":{"@id":"https:\/\/lecoinduvidegrenier.fr\/#organization"},"potentialAction":[{"@type":"SearchAction","target":{"@type":"EntryPoint","urlTemplate":"https:\/\/lecoinduvidegrenier.fr\/?s={search_term_string}"},"query-input":{"@type":"PropertyValueSpecification","valueRequired":true,"valueName":"search_term_string"}}],"inLanguage":"fr-FR"},{"@type":"Organization","@id":"https:\/\/lecoinduvidegrenier.fr\/#organization","name":"Le Coin du Vide Grenier - Nantes","url":"https:\/\/lecoinduvidegrenier.fr\/","logo":{"@type":"ImageObject","inLanguage":"fr-FR","@id":"https:\/\/lecoinduvidegrenier.fr\/#\/schema\/logo\/image\/","url":"https:\/\/lecoinduvidegrenier.fr\/wp-content\/uploads\/2024\/09\/log-la-ruche.png","contentUrl":"https:\/\/lecoinduvidegrenier.fr\/wp-content\/uploads\/2024\/09\/log-la-ruche.png","width":379,"height":238,"caption":"Le Coin du Vide Grenier - Nantes"},"image":{"@id":"https:\/\/lecoinduvidegrenier.fr\/#\/schema\/logo\/image\/"}}]}},"_links":{"self":[{"href":"https:\/\/lecoinduvidegrenier.fr\/index.php?rest_route=\/wp\/v2\/pages\/946","targetHints":{"allow":["GET"]}}],"collection":[{"href":"https:\/\/lecoinduvidegrenier.fr\/index.php?rest_route=\/wp\/v2\/pages"}],"about":[{"href":"https:\/\/lecoinduvidegrenier.fr\/index.php?rest_route=\/wp\/v2\/types\/page"}],"author":[{"embeddable":true,"href":"https:\/\/lecoinduvidegrenier.fr\/index.php?rest_route=\/wp\/v2\/users\/1"}],"replies":[{"embeddable":true,"href":"https:\/\/lecoinduvidegrenier.fr\/index.php?rest_route=%2Fwp%2Fv2%2Fcomments&post=946"}],"version-history":[{"count":379,"href":"https:\/\/lecoinduvidegrenier.fr\/index.php?rest_route=\/wp\/v2\/pages\/946\/revisions"}],"predecessor-version":[{"id":2431,"href":"https:\/\/lecoinduvidegrenier.fr\/index.php?rest_route=\/wp\/v2\/pages\/946\/revisions\/2431"}],"wp:attachment":[{"href":"https:\/\/lecoinduvidegrenier.fr\/index.php?rest_route=%2Fwp%2Fv2%2Fmedia&parent=946"}],"curies":[{"name":"wp","href":"https:\/\/api.w.org\/{rel}","templated":true}]}}